= 44*n. Let m = 5 - 25. Calculate the remainder when q(1) is divided by (-4)/(5 + 105/m).
12
Suppose -72*l = 52*l - 23*l - 606. Calculate the remainder when 5900 is divided by l.
2
Suppose 2*w = 5*n - 217, -3*w = -21*n + 20*n + 59. What is the remainder when 378 is divided by n?
9
Let w be (-11)/((-231)/14)*(-15)/(-2). What is the remainder when w/((-60)/(-944))*(8 + -5) is divided by 60?
56
Suppose -16*i + 22*i = 108. Calculate the remainder when 75 is divided by (-11)/99 + 524/i.
17
What is the remainder when 347 is divided by 33 + (-43 - -7)/4 + (9 - 2)?
6
Suppose -7696 = 16165*s - 16178*s. What is the remainder when s is divided by 150?
142
Let w(j) = -2065*j + 10331. What is the remainder when 18041 is divided by w(5)?
5
Suppose y - 5*n - 58 = 0, -9*n + 6*n = -2*y + 102. Suppose -3*q = 5*q - y. Calculate the remainder when 44 is divided by (-20)/q*108/(-20).
8
Let f(l) = -l + 27. Let a be f(-35). What is the remainder when (174/8)/(a/(-8) + 8) is divided by 44?
43
Suppose 422 = 2*u + 4*i + 404, -3*i - 14 = -u. Calculate the remainder when 1458 is divided by u.
6
Suppose 2*l = 6, -67 = -g + 6*l - l. Calculate the remainder when 2048 is divided by g.
80
Suppose -b + 3*d + 2489 = 0, 0 = -2*b + 3*d + 2*d + 4974. Calculate the remainder when b is divided by 37.
35
Let a(q) = 9 + 2*q + 7*q + 3*q**2 - 4*q. What is the remainder when 58 is divided by a(-3)?
16
Suppose 2*a + 4*x - 3 = 1, 17 = 5*a + 3*x. Suppose -a*m = 4*v - 84, v + 2 = -v. Calculate the remainder when 12/(-4) - (-1 - 44) is divided by m.
20
Suppose c - 6*c = -0*c. Suppose c = k + 2*t + 2 - 70, 2*k - 2*t - 136 = 0. What is the remainder when k is divided by 15?
8
Let n = 58 - 36. Suppose -25*m = -n*m - 516. Suppose 0*f + 4*f = 2*u + m, f + 4*u = 25. What is the remainder when 202 is divided by f?
38
What is the remainder when 346 is divided by (26910/966)/(6/14)?
21
Suppose -2*v = v + 2*w - 62, -125 = -5*v + w. Let i(y) = -6*y**2 - 171*y - 385. What is the remainder when v is divided by i(-26)?
4
Let a(l) = 577*l + 636. What is the remainder when a(-1) is divided by 23?
13
Suppose 1843*y - 1832*y - 4752 = 0. What is the remainder when y is divided by 42?
12
Suppose 4*f - 4*c = 124, -4*f - 2*c + 86 = -38. Let z(m) = 3*m - 41. Calculate the remainder when z(f) is divided by 9.
7
What is the remainder when -25 + 33 - (-402 - 15/(-3)) is divided by 61?
39
Let v be (-1)/2*1*-30. Let f be -5 + v/3 + -5. Calculate the remainder when 38 is divided by (7 + -6)*f/(20/(-32)).
6
Let c(n) = n + 48. Let l be c(0). Suppose l = 5*z - z. Suppose m + 3*m + 3*g = 7, 6*g = -3*m - 6. What is the remainder when z is divided by m?
0
Let m be -6*(160/12 - -6). Let k = m - -124. What is the remainder when 46 is divided by k?
6
Let i(l) = -l**2 - 4*l + 94. Let q be i(-11). Suppose -14*p = -q*p + 177. What is the remainder when p is divided by 20?
19
Suppose -u + 3*i = -31, -u + 60 = -i + 21. What is the remainder when 318 is divided by u?
17
Let k be (-4)/8 + (-37)/(-2). Suppose -3*u = 0, u + 16 = -0*w + 2*w. Calculate the remainder when 136/3 - 6/k is divided by w.
5
Let c(g) be the second derivative of g**4/12 + 7*g**3/6 - 2*g**2 - 82*g. What is the remainder when 69 is divided by c(-9)?
13
Let n(c) = 20*c + 653. Let i be n(-32). Suppose 189 - 46 = i*u. What is the remainder when (29/(-3))/((-1)/12) is divided by u?
6
Let p(o) = 65*o - 6. Let z be p(4). Suppose 5*y + 575 = 5*x, -2*x - 5*y = -y - z. Suppose 35*k = 32*k + 72. Calculate the remainder when x is divided by k.
23
Suppose 1069 = 15*d + 529. Calculate the remainder when 2950 is divided by d.
34
Suppose 0 = -5*l + 4*u + 877, 4*l = 5*u + 868 - 170. What is the remainder when l is divided by 49?
30
Let w(h) = 55*h**2 - 26*h**2 - 10*h + 27 - 26*h**2. Let b be w(7). Let c = b - 86. Calculate the remainder when 51 is divided by c.
15
Let k(a) = a**3 - 2*a**2 + 5*a - 2. Let j be (-5)/2*(-24)/15. Let s(l) = -2*l**3 - 161*l**2 + 81*l + 27. What is the remainder when k(j) is divided by s(-81)?
23
Calculate the remainder when 123 is divided by (-4 - 21/(-3))*(12 - 13)*-3.
6
Suppose -3*t = -2*p - 6, 0 = -5*t + 379*p - 375*p + 4. Calculate the remainder when 7659 is divided by t.
3
Suppose -2169 = -166*s - 509. Calculate the remainder when 556 is divided by s.
6
Let j(z) = 18*z**2 - z + 1. Let p(s) = 1094*s - 7. Let t be p(1). Let w = t + -981. What is the remainder when w is divided by j(1)?
16
Let w = 458 + -657. Let d = -105 - w. Calculate the remainder when d is divided by 48.
46
Let g = -248 - -232. Calculate the remainder when 37 is divided by (2 - 0) + (-2 - g).
5
Let a = 969 + -399. Suppose m = a - 260. Calculate the remainder when m is divided by 3.
1
Suppose 583 - 1910 = -5*o + 6383. What is the remainder when o is divided by 45?
12
Let b(w) = -w**2 - 10*w - 9. Let j(s) = 207*s**2 - 1596*s - 48. What is the remainder when j(8) is divided by b(-6)?
12
Let b be 56/(-10) - (-8)/(-20). What is the remainder when (-12)/8*4/b*67 is divided by 3?
1
Let j = -16121 + 16431. Suppose z + r = -3*r + 68, r = -3*z + 160. Calculate the remainder when j is divided by z.
50
Let n be (2/13 + (-26)/169)/2. Suppose i - 1 = n, -i = -2*u + 124 - 105. Calculate the remainder when 27 is divided by u.
7
Let a(v) = 26*v - 4. Let t be a(3). Let m = t - 6. Let i = m - 59. Calculate the remainder when 24 is divided by i.
6
Suppose 27*g + 86 = 28*g. Suppose 3*z = 5*y + 48, 3*z - 3*y - 39 = 3. What is the remainder when g is divided by z?
9
Let c(r) = r**3 + 59*r**2 - 150*r - 1673. Suppose 3*n = 261 - 63. What is the remainder when n is divided by c(-61)?
31
Suppose 0 = 3*h + 3, -13 = -5*n - h - h. Suppose -2*l + n*w + 129 = l, 4*l = w + 160. Let o = l + 6. What is the remainder when o is divided by 12?
9
Suppose -2235 + 187 = 100*r - 13248. What is the remainder when 170 is divided by r?
58
Suppose -4*f = 3*r - 19, -2*f = -4*r - f + 19. Suppose 2*z - 2*s = 46, -5*z + 47 + 82 = 2*s. Let w = z - r. What is the remainder when w is divided by 7?
6
Let s be (3 + -2)/(9/135). Suppose 51 = 3*z - s. Calculate the remainder when z is divided by 15.
7
Let g be ((-6)/((-144)/184))/(3/9). Suppose g = b + 2*f, 0 = 42*f - 44*f + 6. Calculate the remainder when 270 is divided by b.
15
Let n = 817 - 763. Let r be (-2)/(-3)*(-75)/(-10). Suppose -5*f + 48 = 3*j, -4*f + r = -7. What is the remainder when n is divided by j?
10
Suppose -29*a + 25*a + 652 = v, -5*v = a - 3355. Calculate the remainder when v is divided by 49.
35
Let b(a) = -93*a**3 + 6*a**2 - 20*a - 136. Calculate the remainder when b(-4) is divided by 74.
72
Suppose 0 = 2*t + 1 - 7. Suppose -54 = -t*q - d, 3*d + 14 + 52 = 3*q. Let w(y) = 11*y - 9. What is the remainder when w(4) is divided by q?
16
Let h(g) = 3367*g + 26. Suppose 46 = -4*x + 666. Calculate the remainder when x is divided by h(0).
25
Suppose -3*j + 1 + 20 = 2*q, 22 = 2*j + 4*q. Suppose 0 = -j*m - 25, -5*m - 71 = -2*i + 438. What is the remainder when i is divided by 61?
59
Suppose -5*s + 16586 = 2*s + 3307. Calculate the remainder when 3811 is divided by s.
17
Let y be (2/(-6)*3)/(1/497). Let s = y + 672. Calculate the remainder when s is divided by 24.
7
Let g = 17 - 9. Suppose 3*q = i + 115 + 28, 2*q - 88 = -3*i. What is the remainder when q is divided by (20/16)/(1/g)?
7
Suppose 3*h + 30 = 2*m + 5*h, h + 18 = 2*m. What is the remainder when (-5*52/30)/(4/(-30)) is divided by m?
10
Suppose -990*n + 17447 = -760*n + 1577. Let h(x) = 3*x**2 - 5*x - 3. Calculate the remainder when n is divided by h(4).
19
Suppose -14*j + 7151 = 7081. What is the remainder when 2707 is divided by j?
2
Let u = 643 - 638. Suppose -o = 2, 139 = u*j + 2*o + 8. Calculate the remainder when 202 is divided by j.
13
Suppose -2*y - 336 = -6*y + r, -2*r = -8. Let h = -67 + y. Calculate the remainder when 106 is divided by h.
16
Suppose 4*a = 4*p + 4, -7 = -2*a + 3*p - 8. Let o(g) = 3*g**3 - 2*g**2 + 7*g + 2. Calculate the remainder when o(a) is divided by 28.
22
Let b = 184 + -178. Suppose -j = 2*s - 5*j - 90, -51 = -s + 5*j. Calculate the remainder when s is divided by b.
5
Suppose -g - k + 156 = -1133, 0 = -2*g + k + 2578. What is the remainder when g is divided by 86?
85
Let c(p) = 22*p + 28. Let g(u) = 65*u + 83. Let y(b) = 7*c(b) - 2*g(b). Let i be y(7). Suppose 13*r - i = 7*r. Calculat